{"id":298,"date":"2019-06-07T07:29:01","date_gmt":"2019-06-07T05:29:01","guid":{"rendered":"https:\/\/waldoradofestival.de\/2019\/?page_id=298"},"modified":"2019-08-05T20:36:59","modified_gmt":"2019-08-05T18:36:59","slug":"informationen","status":"publish","type":"page","link":"https:\/\/waldoradofestival.de\/2019\/informationen\/","title":{"rendered":"Informationen"},"content":{"rendered":"<p>[vc_row][vc_column width=&#8220;1\/6&#8243;][\/vc_column][vc_column text_alignment=&#8220;center&#8220; width=&#8220;2\/3&#8243; shift_x=&#8220;0&#8243; shift_y=&#8220;0&#8243; z_index=&#8220;0&#8243;][vc_column_text]<\/p>\n<h1>Informationen<\/h1>\n<p>Das WALDORADOFESTIVAL ist ein fantasiereiches, partizipatives und inklusives Kunst- und Kulturfestival in der Natur: f\u00fcr Familien und ihre Freund*innen. Hinaus aus dem Alltag und hinein in ein Wunderland aus Musik, Theater und Tanz \u00a0zum Erleben und Mitmachen &#8211; direkt am idyllischen D\u00e4bersee in Waldsieversdorf in der M\u00e4rkischen Schweiz.<\/p>\n<p>Vom Baby bis zum Urgro\u00dfvater ist hier jeder herzlich Willkomen. Ob Regenbogenfamilie, Patchworkschwippschwager oder Wahlverwandter, wir m\u00f6chten euch alle einladen, ein zauberhaftes Wochenende \u00a0in der wundersch\u00f6nen m\u00e4rkischen Natur zu verbringen. Wir haben uns ganz sch\u00f6n ins Zeug gelegt, neben coolen Bands und Performances, Musik-, Kunst- und Bewegungsworkshops einen gro\u00dfen Fokus auf die Natur, die uns umgibt zu legen. Und in unserem Diskursclub k\u00f6nnen au\u00dferdem gro\u00dfe und kleine Menschen miteinander ins Gespr\u00e4ch kommen, nachdenken, fragen stellen und \u00a0philosophieren. Wir hoffen auf viele neue Freundschaften, die gekn\u00fcpft,\u00a0Netze die gespannt und neue B\u00fcndnisse, die gestrickt werden.<\/p>\n<p>Und damit das alles m\u00f6glichst gut klappt, versuchen wir an dieser Stelle, alle wichtigen Fragen zu beantworten:<\/p>\n<h2>\u00d6FFNUNGSZEITEN<\/h2>\n<p>Das WALDORADO FESTIVAL startet offiziell am Freitag, 16.08.2019 um 16:00 Uhr und endet am Sonntag, 18.08.2019 um 20:00 Uhr.<\/p>\n<p>Ein\u00adlass ist am Freitag, ab 15:00 Uhr.\u00a0Festivalg\u00e4ste, die planen, am Freitag vor 15:00 Uhr anzureisen und einen Campingplatz gebucht haben, melden sich bitte vorher unter <a href=\"mailto:camping@waldoradofestival.de\">camping@waldoradofestival.de<\/a><\/p>\n<h2>EINLASS &amp; BEGINN<\/h2>\n<p>Der Check-In ist zu folgenden Zeiten besetzt:<br \/>\nFreitag 15:00 &#8211; 21:00<br \/>\nSamstag 10:00 &#8211; 21:00<br \/>\nSonntag 10:00 &#8211; 18:00<\/p>\n<h2>ESSEN &amp; TRINKEN<\/h2>\n<p>Es wird verschiedene St\u00e4nde mit Essen geben, au\u00dferdem Eis, Getr\u00e4nke und eine Weinbar &#8211; vor allem von regionalen Anbietern. Wir geben uns M\u00fche, daf\u00fcr zu sorgen, dass die Auswahl f\u00fcr jedes Bed\u00fcrfnis etwas zu bieten hat.<\/p>\n<h2>BARGELD<\/h2>\n<p>In Waldsieversdorf gibt es keinen Geldautomaten. Der n\u00e4chste Automat ist in Buckow (3 km).<\/p>\n<h2>EINKAUFEN<\/h2>\n<p>Freitags von 10-18 Uhr und Samstag von 9-15 Uhr hat die Bergsch\u00e4ferei am Ortseingang ge\u00f6ffnet, ein schnuckliger Bioladen mit einem kleinen, feinen Sortiment an regionalen Lebensmitteln. Es ist der einzige Laden im Ort, in Buckow und M\u00fcncheberg gibt es weitere Einkaufsm\u00f6glichkeiten.<\/p>\n<h2>FEUER &amp; GRILLEN<\/h2>\n<p>Offene Feuer sind strengstens unter\u00adsagt. Wir teilen euch vor Ort die Waldbrandstufe mit.<\/p>\n<h2>HAFTUNG<\/h2>\n<p>Die Teilnahme am WALDORADO FESTIVAL erfolgt grund\u00ads\u00e4tzlich in eigener Ver\u00adant\u00adwortung. Eltern haften immer und \u00fcberall f\u00fcr ihre Kinder.<\/p>\n<p>Wir \u00fcber\u00adnehmen keine Haftung f\u00fcr k\u00f6rperliche und sachliche Sch\u00e4den w\u00e4hrend der Ver\u00adan\u00adstaltung und auch nicht im Rahmen der An- und Abreise.<\/p>\n<p>Den Anweisungen des Ordnungspersonals, der Feuerwehr und des DRK ist Folge zu leisten!<\/p>\n<h2>ERSTE HILFE<\/h2>\n<p>F\u00fcr kleine Wehwehchen wird es eine kompetente Anlaufstelle geben.<\/p>\n<h2>M\u00dcLL<\/h2>\n<p>Wir bem\u00fchen uns, ein m\u00f6glichst m\u00fcllarmes Festival zu organisieren. F\u00fcr den M\u00fcll, der trotzdem anf\u00e4llt werden M\u00fclleimer bereit stehen.<\/p>\n<h2>ANWOHNER<\/h2>\n<p>Das Waldorado Festival findet mitten in Waldsieversdorf statt. Bitte respektiert die Bed\u00fcrfnisse und insbesondere die Nachtruhe der hier lebenden Menschen.<\/p>\n<h2>UNWETTER<\/h2>\n<p>Bei Unwetter ist den Ansagen des Veranstalters folge zu leisten.<br \/>\nBei schwerem Unwetter (mit Blitz\u00adschlag):<br \/>\nTanz\u00adfl\u00e4che und Ver\u00adan\u00adstalt\u00adungs\u00adgel\u00e4nde verlassen!<br \/>\nRaus aus dem Wasser!<br \/>\nRuhe bewahren<br \/>\nIn die Fahrzeuge begeben!<br \/>\nAnderen Besuchern im Fahrzeug Schutz anbieten!<br \/>\nDen Wald meiden!<br \/>\nHilfsbed\u00fcrftigen und Verletzten helfen!<br \/>\nAuf Ansagen des Veranstalters achten!<\/p>\n<h2>ANDERE FRAGEN?<\/h2>\n<p style=\"padding-left: 40px;\"><a href=\"mailto:info@waldoradofestival.de\">info@waldoradofestival.de<\/a><\/p>\n<p>[\/vc_column_text][\/vc_column][vc_column width=&#8220;1\/6&#8243;][\/vc_column][\/vc_row]<\/p>\n","protected":false},"excerpt":{"rendered":"<p>[vc_row][vc_column width=&#8220;1\/6&#8243;][\/vc_column][vc_column text_alignment=&#8220;center&#8220; width=&#8220;2\/3&#8243; shift_x=&#8220;0&#8243; shift_y=&#8220;0&#8243; z_index=&#8220;0&#8243;][vc_column_text] Informationen Das WALDORADOFESTIVAL ist ein fantasiereiches, partizipatives und inklusives Kunst- und Kulturfestival in der Natur: f\u00fcr Familien und ihre Freund*innen. Hinaus aus dem Alltag und hinein in ein Wunderland aus Musik, Theater und Tanz \u00a0zum Erleben und Mitmachen &#8211; direkt am idyllischen D\u00e4bersee in Waldsieversdorf in der M\u00e4rkischen&#8230;<\/p>\n<p><a rel=\"bookmark\" class=\"loud_button_alt wvc-button wvc-button-size-xs\" href=\"https:\/\/waldoradofestival.de\/2019\/informationen\/\"><span>Continue reading<\/span><\/a><\/p>\n","protected":false},"author":1,"featured_media":0,"parent":0,"menu_order":0,"comment_status":"closed","ping_status":"closed","template":"","meta":[],"yoast_head":"<!-- This site is optimized with the Yoast SEO plugin v20.12 - https:\/\/yoast.com\/wordpress\/plugins\/seo\/ -->\n<title>Informationen - Waldorado Festival<\/title>\n<meta name=\"description\" content=\"Das WALDORADOFESTIVAL ist ein fantasiereiches, partizipatives und inklusives Kunst- und Kulturfestival in der Natur: f\u00fcr Familien und ihre Freund*innen.\" \/>\n<meta name=\"robots\" content=\"index, follow, max-snippet:-1, max-image-preview:large, max-video-preview:-1\" \/>\n<link rel=\"canonical\" href=\"https:\/\/waldoradofestival.de\/2019\/informationen\/\" \/>\n<meta property=\"og:locale\" content=\"de_DE\" \/>\n<meta property=\"og:type\" content=\"article\" \/>\n<meta property=\"og:title\" content=\"Informationen - Waldorado Festival\" \/>\n<meta property=\"og:description\" content=\"Das WALDORADOFESTIVAL ist ein fantasiereiches, partizipatives und inklusives Kunst- und Kulturfestival in der Natur: f\u00fcr Familien und ihre Freund*innen.\" \/>\n<meta property=\"og:url\" content=\"https:\/\/waldoradofestival.de\/2019\/informationen\/\" \/>\n<meta property=\"og:site_name\" content=\"Waldorado Festival\" \/>\n<meta property=\"article:modified_time\" content=\"2019-08-05T18:36:59+00:00\" \/>\n<meta name=\"twitter:card\" content=\"summary_large_image\" \/>\n<meta name=\"twitter:label1\" content=\"Gesch\u00e4tzte Lesezeit\" \/>\n\t<meta name=\"twitter:data1\" content=\"3\u00a0Minuten\" \/>\n<script type=\"application\/ld+json\" class=\"yoast-schema-graph\">{\"@context\":\"https:\/\/schema.org\",\"@graph\":[{\"@type\":\"WebPage\",\"@id\":\"https:\/\/waldoradofestival.de\/2019\/informationen\/\",\"url\":\"https:\/\/waldoradofestival.de\/2019\/informationen\/\",\"name\":\"Informationen - Waldorado Festival\",\"isPartOf\":{\"@id\":\"https:\/\/waldoradofestival.de\/2019\/#website\"},\"datePublished\":\"2019-06-07T05:29:01+00:00\",\"dateModified\":\"2019-08-05T18:36:59+00:00\",\"description\":\"Das WALDORADOFESTIVAL ist ein fantasiereiches, partizipatives und inklusives Kunst- und Kulturfestival in der Natur: f\u00fcr Familien und ihre Freund*innen.\",\"breadcrumb\":{\"@id\":\"https:\/\/waldoradofestival.de\/2019\/informationen\/#breadcrumb\"},\"inLanguage\":\"de\",\"potentialAction\":[{\"@type\":\"ReadAction\",\"target\":[\"https:\/\/waldoradofestival.de\/2019\/informationen\/\"]}]},{\"@type\":\"BreadcrumbList\",\"@id\":\"https:\/\/waldoradofestival.de\/2019\/informationen\/#breadcrumb\",\"itemListElement\":[{\"@type\":\"ListItem\",\"position\":1,\"name\":\"Startseite\",\"item\":\"https:\/\/waldoradofestival.de\/2019\/\"},{\"@type\":\"ListItem\",\"position\":2,\"name\":\"Informationen\"}]},{\"@type\":\"WebSite\",\"@id\":\"https:\/\/waldoradofestival.de\/2019\/#website\",\"url\":\"https:\/\/waldoradofestival.de\/2019\/\",\"name\":\"Waldorado Festival\",\"description\":\"Familienkultur in der Natur \u2013 16.-18.08. in Waldsieversdorf\",\"potentialAction\":[{\"@type\":\"SearchAction\",\"target\":{\"@type\":\"EntryPoint\",\"urlTemplate\":\"https:\/\/waldoradofestival.de\/2019\/?s={search_term_string}\"},\"query-input\":\"required name=search_term_string\"}],\"inLanguage\":\"de\"}]}<\/script>\n<!-- \/ Yoast SEO plugin. -->","yoast_head_json":{"title":"Informationen - Waldorado Festival","description":"Das WALDORADOFESTIVAL ist ein fantasiereiches, partizipatives und inklusives Kunst- und Kulturfestival in der Natur: f\u00fcr Familien und ihre Freund*innen.","robots":{"index":"index","follow":"follow","max-snippet":"max-snippet:-1","max-image-preview":"max-image-preview:large","max-video-preview":"max-video-preview:-1"},"canonical":"https:\/\/waldoradofestival.de\/2019\/informationen\/","og_locale":"de_DE","og_type":"article","og_title":"Informationen - Waldorado Festival","og_description":"Das WALDORADOFESTIVAL ist ein fantasiereiches, partizipatives und inklusives Kunst- und Kulturfestival in der Natur: f\u00fcr Familien und ihre Freund*innen.","og_url":"https:\/\/waldoradofestival.de\/2019\/informationen\/","og_site_name":"Waldorado Festival","article_modified_time":"2019-08-05T18:36:59+00:00","twitter_card":"summary_large_image","twitter_misc":{"Gesch\u00e4tzte Lesezeit":"3\u00a0Minuten"},"schema":{"@context":"https:\/\/schema.org","@graph":[{"@type":"WebPage","@id":"https:\/\/waldoradofestival.de\/2019\/informationen\/","url":"https:\/\/waldoradofestival.de\/2019\/informationen\/","name":"Informationen - Waldorado Festival","isPartOf":{"@id":"https:\/\/waldoradofestival.de\/2019\/#website"},"datePublished":"2019-06-07T05:29:01+00:00","dateModified":"2019-08-05T18:36:59+00:00","description":"Das WALDORADOFESTIVAL ist ein fantasiereiches, partizipatives und inklusives Kunst- und Kulturfestival in der Natur: f\u00fcr Familien und ihre Freund*innen.","breadcrumb":{"@id":"https:\/\/waldoradofestival.de\/2019\/informationen\/#breadcrumb"},"inLanguage":"de","potentialAction":[{"@type":"ReadAction","target":["https:\/\/waldoradofestival.de\/2019\/informationen\/"]}]},{"@type":"BreadcrumbList","@id":"https:\/\/waldoradofestival.de\/2019\/informationen\/#breadcrumb","itemListElement":[{"@type":"ListItem","position":1,"name":"Startseite","item":"https:\/\/waldoradofestival.de\/2019\/"},{"@type":"ListItem","position":2,"name":"Informationen"}]},{"@type":"WebSite","@id":"https:\/\/waldoradofestival.de\/2019\/#website","url":"https:\/\/waldoradofestival.de\/2019\/","name":"Waldorado Festival","description":"Familienkultur in der Natur \u2013 16.-18.08. in Waldsieversdorf","potentialAction":[{"@type":"SearchAction","target":{"@type":"EntryPoint","urlTemplate":"https:\/\/waldoradofestival.de\/2019\/?s={search_term_string}"},"query-input":"required name=search_term_string"}],"inLanguage":"de"}]}},"_links":{"self":[{"href":"https:\/\/waldoradofestival.de\/2019\/wp-json\/wp\/v2\/pages\/298"}],"collection":[{"href":"https:\/\/waldoradofestival.de\/2019\/wp-json\/wp\/v2\/pages"}],"about":[{"href":"https:\/\/waldoradofestival.de\/2019\/wp-json\/wp\/v2\/types\/page"}],"author":[{"embeddable":true,"href":"https:\/\/waldoradofestival.de\/2019\/wp-json\/wp\/v2\/users\/1"}],"replies":[{"embeddable":true,"href":"https:\/\/waldoradofestival.de\/2019\/wp-json\/wp\/v2\/comments?post=298"}],"version-history":[{"count":13,"href":"https:\/\/waldoradofestival.de\/2019\/wp-json\/wp\/v2\/pages\/298\/revisions"}],"predecessor-version":[{"id":1479,"href":"https:\/\/waldoradofestival.de\/2019\/wp-json\/wp\/v2\/pages\/298\/revisions\/1479"}],"wp:attachment":[{"href":"https:\/\/waldoradofestival.de\/2019\/wp-json\/wp\/v2\/media?parent=298"}],"curies":[{"name":"wp","href":"https:\/\/api.w.org\/{rel}","templated":true}]}}